d(-4)?
2, 7
Let n = 95 + -89. Let d be n*((-711)/(-18) + (0 - 3)). Suppose d*u - 223*u + 536 = 0. List the prime factors of u.
2, 67
Let h = 44646 - 25031. List the prime factors of h.
5, 3923
List the prime factors of -3 + 9 + 33144 - -8.
2, 59, 281
Let s be (1 - 2)/(-6 + 115/20). List the prime factors of -234*((-50)/(-15) - s).
2, 3, 13
Suppose -5*b = 2*k - 6*k - 4, -2*b + 4*k = 8. Let n(w) = -97*w - b + w**2 + 0 + 102*w. List the prime factors of n(3).
2, 5
Let u be 0/(-1*(-2 - 1) - 1). Suppose 0 = -u*m - 5*m - 0*m. Suppose -4*i + 20 = m, 0 = -4*l + 3*i - 6*i + 359. What are the prime factors of l?
2, 43
Suppose 25*a - 323 - 52 = 0. Suppose -a*v = -1079 - 61. List the prime factors of v.
2, 19
Let l = -1334 - -775. Let f = 386 + l. Let a = f - -257. What are the prime factors of a?
2, 3, 7
Suppose -5*v + a - 22 = -a, -5*v - 26 = -a. Let f be 3*(-8)/(-12) + 5 + 2. Let m = v + f. What are the prime factors of m?
3
Let y(g) = 110*g**2 - g + 1. Suppose 5 = 3*r + 2. Let x be y(r). Suppose 0 = -3*j + 6, -388 + x = -5*k + j. List the prime factors of k.
2, 7
Suppose -3*q - 5*y = -2*q + 8, -15 = 5*y. Suppose o - 18 = q*o. List the prime factors of -18*(o - (-6)/(-4)).
3
Suppose -166*w + 1493230 + 206906 = -30*w. What are the prime factors of w?
3, 463
Let n = -1420 - -1434. Let g(c) = 12*c**2 + c + 1. Let z be g(3). Suppose -3*f + n = -z. List the prime factors of f.
2, 3, 7
Suppose 4*f - 23 = -3. Suppose 4 = p - f*m - 2, 4*p + 4*m - 48 = 0. Suppose p*v - 240 = 6*v. List the prime factors of v.
2, 3
List the prime factors of (-39)/4056*16 + (-1)/((-13)/203790).
2, 3919
Let s = -13982 + 20351. What are the prime factors of s?
3, 11, 193
Let r = 621 - 318. Suppose 0 = 2*t + t + r. Let g = 233 + t. List the prime factors of g.
2, 3, 11
Let h(l) = -134*l - 33. Let u be h(-3). Let c = u - 157. What are the prime factors of c?
2, 53
Suppose -12006636 = -409*h + 5331283. List the prime factors of h.
42391
List the prime factors of ((-49)/5)/(18/(-63810)) - -9.
2, 5, 139
Let k be (-6 + -3)*2/6. Let t(q) = 71*q**2 - 3*q + 10. List the prime factors of t(k).
2, 7, 47
Let c = 2 + 0. Suppose 0 = -i - c*i + 15. What are the prime factors of i/10*1 + (-158)/(-4)?
2, 5
Let o(r) = 3*r**3 - 10*r**2 - 50*r - 35. What are the prime factors of o(14)?
7, 113
Suppose 0 = 2*a + 21 + 19. Let j be (-5)/2*24/a. Suppose -3*o - j*o = -282. What are the prime factors of o?
47
Suppose 0 = 180*n - 139516 + 108019 - 2448363. What are the prime factors of n?
23, 599
Let x = -34 + 38. Suppose -x*q = q - 25. Suppose 0 = 5*r + 4*m - 70, -2*r = -7*r + q*m + 70. What are the prime factors of r?
2, 7
Let k be (-718)/(-4)*(-108)/(-54). Suppose -s - k = -1598. What are the prime factors of s?
3, 7, 59
Let d be ((-27)/6)/((-4)/(-40)). Let f = d + 10. Let u = f + 55. What are the prime factors of u?
2, 5
Suppose 3*d = 4*j + 74574, -2*j - 53089 - 71201 = -5*d. What are the prime factors of d?
2, 3, 1381
Let w(c) = 2*c**3 - 5*c**2 - c - 1. Suppose 3*m - 4*m + 45 = 0. Let z = -41 + m. List the prime factors of w(z).
43
Let l(b) = 18*b - 135. Let g be l(22). Let y = g + -141. What are the prime factors of y?
2, 3, 5
Suppose -y - 6477 = -r, 13*r - 4*y = 15*r - 12930. What are the prime factors of r?
6473
Let u(i) = 2005*i**2 - 18*i - 43. List the prime factors of u(-2).
3, 2671
Let u(b) = -1902*b - 61. Suppose 5*v - 17 = 3, -8 = -4*o - 3*v. List the prime factors of u(o).
7, 263
List the prime factors of 67/(-804) - 7565467/(-84).
5, 18013
Suppose -57*i + 51*i = -16020. Suppose 0 = 2*r + 10, 6*r = -5*h + r + i. List the prime factors of h.
7, 11
Let r(s) = s**3 - 28*s**2 - 75*s - 79. Let k be r(35). Suppose 0 = -24*q + k + 13761. List the prime factors of q.
2, 409
Let i be (-34)/(-51)*6/(-8)*0. Suppose -5*j - 3*f + 5286 - 1029 = i, -3*f + 1710 = 2*j. What are the prime factors of j?
3, 283
Let u be (-4)/1*(-10472)/176. Let a = u - -134. List the prime factors of a.
2, 3, 31
Suppose 11*x + 18*x - 119422 = 0. List the prime factors of x.
2, 29, 71
Suppose 24*v = 10839 + 6153. Let t = v - -430. What are the prime factors of t?
2, 569
List the prime factors of -5 - (42 - 45 - 6218/1).
2, 3, 7, 37
Let l be 4*2/24 + 9331/(-21). Let v = -284 - l. List the prime factors of v.
2, 5
Let g be (-1600)/6*(-3)/(-1). List the prime factors of (-1 - -2 - 1796)*480/g.
3, 359
Let b(v) = 2*v**2 - 3*v + 13. Suppose -5*c = 3*y - 88, -c + 53 = 2*y + 6. Let q = y + -15. What are the prime factors of b(q)?
67
Suppose 2*p = p - 5*y + 1559, -p + 3*y + 1575 = 0. Suppose -9*m = 300 - p. List the prime factors of m.
3, 47
Let r = -14126 + 24034. List the prime factors of r.
2, 2477
Let w(q) = -q**3 + 76*q**2 - 84*q + 949. What are the prime factors of w(75)?
2, 137
Let c(m) = -4*m + 3. Let n be c(-1). What are the prime factors of (13524/n)/7 - 5?
271
Suppose -89*u + 94*u = -5*w + 144785, 0 = 4*w - 4. List the prime factors of u.
2, 3, 19, 127
Let k = 68 - 68. Suppose 65*l - 51*l - 3626 = k. What are the prime factors of l?
7, 37
Let y(a) = a**2 + 11*a - 17. Let d be y(-28). Suppose -2813 = -3*p + 5*j, 472 = p + 5*j - d. List the prime factors of p.
2, 3, 13
Let s = 21083 - 14338. List the prime factors of s.
5, 19, 71
Let h(i) = 122*i - 112. Let b be h(29). Suppose 0 = 13*a - b - 2931. What are the prime factors of a?
3, 163
Let b(v) = -5*v**3 - 32*v**2 - 16*v - 14. Let l be b(-6). Suppose l*u - 3868 = 1442. What are the prime factors of u?
3, 59
Let c(f) = -f**3 - 8*f**2 + 20*f + 14. Let m be c(-10). Suppose m = 3*t + 8. List the prime factors of (-158)/(-1 - (t + -2)).
2, 79
Suppose -2*a + 9*j + 1543 = 6*j, -744 = -a - 4*j. Let t = -540 + a. What are the prime factors of t?
2, 7
Let u be (20/30)/(2/6). Suppose 3 = 5*j - u*j + 3*s, -5*j + s = 7. What are the prime factors of 32 - (-2 + (j - -3))?
2
Let f = -6190 + 11942. What are the prime factors of f?
2, 719
Let n(d) = -3*d**3 - 15*d**2 - 23*d - 20. Let f be n(-6). Suppose -h = 4*x - f, -5*h - 1 = -11. List the prime factors of x.
2, 7
Suppose -4*c + 3*o = -1839 - 2015, -6 = o. List the prime factors of c.
7, 137
Let k be (-1 - (7 - 1))/((-24)/(-144)). What are the prime factors of k/(-28)*104/6?
2, 13
Suppose -10*q + 53 = 5*h - 9*q, 3*h - 41 = 4*q. Suppose 17*o = h*o + 2868. List the prime factors of o.
2, 239
Let q(z) = 1221*z**2 + 23*z + 13. List the prime factors of q(3).
11071
Let b(p) = -50*p**2 - 4*p - 8 + 35*p - 6 + 56*p**2. List the prime factors of b(-14).
2, 7, 13
Let f(m) = -m**2 + 19*m - 52. Let h be -1*-4*3/3. Suppose 55 = 5*u + 5*q, -h*u - 4*q - q = -45. List the prime factors of f(u).
2, 19
Suppose b - 3*t = 14733, 0 = -t - 9 + 7. List the prime factors of b.
3, 4909
Let f = 3383 - 2399. Suppose 4 = -i + 3, 2*s + 2*i = f. What are the prime factors of s?
17, 29
Suppose 0*l = -5*c + 5*l + 40, -c + 12 = -2*l. Let s be -64 - (-3 + c/4). Let i = s + 214. List the prime factors of i.
2, 19
Suppose -131 = -4*j - y - 0*y, 2*j = 2*y + 78. Suppose -4*x - 30 = j. List the prime factors of -314*2/x - 1/4.
3, 13
Let y(v) = 91*v**2 + 212*v - 1998. List the prime factors of y(10).
2, 3, 29, 53
Suppose -72836 = -152*f + 10901716. List the prime factors of f.
3, 41, 587
Suppose -2*h + 16 = 6*h. Suppose 0 = 3*g - h*g + 24. What are the prime factors of ((-14)/(-24) - (-8)/g)*292?
73
Let l = 85 - 46. Let w = 109 + l. Suppose -3*u + w + 155 = 0. List the prime factors of u.
101
Suppose -22*h - 5*p = -19*h - 25298 - 1042, 0 = -p. List the prime factors of h.
2, 5, 439
Let n(g) = -g**2 - 13*g - 49. Let b be n(-11). Let l = 36 + b. Suppose -129 = -l*k + 105. List the prime factors of k.
2, 13
Let h be (-2 + 2)/(4 - 6). Suppose 0 = -9*c + 8*c - b + 7, -5*c + 3*b + 59 = h. Let o(x) = -x**3 + 12*x**2 - 11*x - 9. List the prime factors of o(c).
3
Let z(v) = v**2 - 13*v + 1676. Suppose 6*g - 2*g = -3*g. List the prime factors of z(g).
2, 419
Suppose 0 = -39*u + 69091 + 201514 + 226489. List the prime factors of u.
2, 6373
Let p = 449 + -250. Let t = p - 15. List the prime factors of t.
2, 23
Suppose -40740 - 25596 = -8*b. What are the prime factors of b?
2, 3, 691
Suppose -1 = -7*k + 48. Let o = 56 - k. What are the prime factors of o?
7
List the prime factors of 24208 + 22/11*4.
2, 3, 1009
Suppose -3*i - 2*g + 25 = 0, -14*g + 17*g - 20 = -i. Suppose 4662 = 5*w - i*v - 298,